{"id":5164,"date":"2024-06-27T15:26:22","date_gmt":"2024-06-27T18:26:22","guid":{"rendered":"https:\/\/uptattoosupplies.com.br\/loja\/produto\/pen-sem-fio-jc2-up-power-pen\/"},"modified":"2024-06-27T15:26:22","modified_gmt":"2024-06-27T18:26:22","slug":"pen-sem-fio-jc2-up-power-pen","status":"publish","type":"product","link":"https:\/\/uptattoosupplies.com.br\/loja\/produto\/pen-sem-fio-jc2-up-power-pen\/","title":{"rendered":"Pen Sem Fio JC2 UP Power Pen"},"content":{"rendered":"<p class=\"MsoNormal\"><strong>Pen Sem Fio UP JC2 Power Pen<br \/>\n<\/strong><br \/>\nConhe\u00e7a a s\u00e9rie sem fio UP JC Irons<br \/>\nAbrindo novos caminhos.<\/p>\n<p class=\"MsoNormal\">Uma maquina forte para tatuadores exigentes<br \/>\nTenha a liberade de tatuar sem fios de 6 a 8 horas com a fonte da\u00a0<strong>UP JC2 Power Pen!<br \/>\n<\/strong><\/p>\n<p class=\"MsoNormal\">Equipada com fun\u00e7\u00e3o Jump Start, garantindo vida longa a todo sistema.<br \/>\nVisor em Oled monocromatico, garantindo mais economia da bateria<br \/>\nAjuste de saida de agulha com catraca, garantindo maior precis\u00e3o do ajuste fino para cada tipo de trabalho.<\/p>\n<p class=\"MsoNormal\">Possui horimetro de horas de trabalho e indicador de quantidade de bateria<br \/>\nAcompanha ainda conector RCA, para uso com fontes cabeadas, tornando sua\u00a0<strong>UP\u00a0JC2 Power Pen\u00a0<\/strong>ainda mais compacta.<\/p>\n<p class=\"MsoNormal\">Projetado para revolucionar a m\u00e1quina sem fio de pr\u00f3xima gera\u00e7\u00e3o com sistema de acionamento direto, menor e mais poderoso do que nunca.<\/p>\n<p class=\"MsoNormal\">Motor: Motor\u00a0<span style=\"color: #333333; font-family: Roboto, Helvetica, Tahoma, Arial, 'Microsoft YaHei'; font-size: 12px;\">Coreless Powerfull\u00a0<\/span>S\/ N\u00facleo<\/p>\n<p class=\"MsoNormal\">Material: Alum\u00ednio Aeron\u00e1utico<\/p>\n<p class=\"MsoNormal\">Comprimento do curso:3.5mm<\/p>\n<p class=\"MsoNormal\">Tens\u00e3o de opera\u00e7\u00e3o: 5,0 &#8211; 12 V DC<\/p>\n<p class=\"MsoNormal\">RPM: 10.500 RPM<\/p>\n<p class=\"MsoNormal\">Frequ\u00eancia: 60 &#8211; 160 Hz<\/p>\n<p class=\"MsoNormal\">Protrus\u00e3o da Agulha: 0 &#8211; 4,5 mm<\/p>\n<p class=\"MsoNormal\">Dimens\u00f5es (\u00d8 XL): 33 x 131 mm<\/p>\n<p class=\"MsoNormal\">Capacidade da bateria: Bateria Powerpack 1300mah \/ Bateria 18500 = 1800mah<\/p>\n<p class=\"MsoNormal\">Tempo de recarga: 2,3 horas Powerpack \/ 2,5 horas 18500<\/p>\n<p class=\"MsoNormal\">Tempo de trabalho: De 6 a 8 horas de trabalho \/ bateria<\/p>\n<p>Acompanha:<br \/>\n* 1\u00a0<strong>UP\u00a0JC2 Power Pen<br \/>\n<\/strong>* 1 Bateria Powerpack 1300mah<br \/>\n* 2 Baterias 18500 de 1800mah cada (\u00e9 MUITA bateria)<br \/>\n* 1 Grip de 32mm<br \/>\n* 1 Base de carregamento p\/ bateria 18500<br \/>\n* 1 Cabo USB Tipo-C p\/ recarga Powerpack<br \/>\n* 1 Cabo RCA<br \/>\n* 1 Conector RCA banhado a ouro<br \/>\n* 1 Pacote com Oring de reposi\u00e7\u00e3o<\/p>\n<p><strong>ANVISA\u00a082151430004<\/strong><\/p>\n","protected":false},"excerpt":{"rendered":"<p>Uma pen, varias possibilidades!!<\/p>\n<p>Tenha a liberade de tatuar sem fios\u00a0 com a fonte da\u00a0<strong>UP<\/strong>\u00a0<strong>JC2 Power Pen!<br \/>\n<\/strong>S\u00e3o 3 baterias nesse kit, para ter energia de sobra em seus trabalhos!<\/p>\n<p><strong>ANVISA\u00a082151430004<\/strong><\/p>\n","protected":false},"featured_media":5179,"comment_status":"open","ping_status":"closed","template":"","meta":[],"product_brand":[],"product_cat":[315],"product_tag":[342,339,341,340,337,338],"class_list":{"0":"post-5164","1":"product","2":"type-product","3":"status-publish","4":"has-post-thumbnail","6":"product_cat-pen-sem-fio","7":"product_tag-jc2-power-pen","8":"product_tag-jc2-up-pen","9":"product_tag-pen-com-bateria","10":"product_tag-pen-da-up-jc22","11":"product_tag-pen-sem-fio-up","12":"product_tag-up-jc2","13":"pa_tipo-black","15":"first","16":"outofstock","17":"featured","18":"shipping-taxable","19":"purchasable","20":"product-type-variable"},"_links":{"self":[{"href":"https:\/\/uptattoosupplies.com.br\/loja\/wp-json\/wp\/v2\/product\/5164","targetHints":{"allow":["GET"]}}],"collection":[{"href":"https:\/\/uptattoosupplies.com.br\/loja\/wp-json\/wp\/v2\/product"}],"about":[{"href":"https:\/\/uptattoosupplies.com.br\/loja\/wp-json\/wp\/v2\/types\/product"}],"replies":[{"embeddable":true,"href":"https:\/\/uptattoosupplies.com.br\/loja\/wp-json\/wp\/v2\/comments?post=5164"}],"wp:featuredmedia":[{"embeddable":true,"href":"https:\/\/uptattoosupplies.com.br\/loja\/wp-json\/wp\/v2\/media\/5179"}],"wp:attachment":[{"href":"https:\/\/uptattoosupplies.com.br\/loja\/wp-json\/wp\/v2\/media?parent=5164"}],"wp:term":[{"taxonomy":"product_brand","embeddable":true,"href":"https:\/\/uptattoosupplies.com.br\/loja\/wp-json\/wp\/v2\/product_brand?post=5164"},{"taxonomy":"product_cat","embeddable":true,"href":"https:\/\/uptattoosupplies.com.br\/loja\/wp-json\/wp\/v2\/product_cat?post=5164"},{"taxonomy":"product_tag","embeddable":true,"href":"https:\/\/uptattoosupplies.com.br\/loja\/wp-json\/wp\/v2\/product_tag?post=5164"}],"curies":[{"name":"wp","href":"https:\/\/api.w.org\/{rel}","templated":true}]}}