{"id":3879,"date":"2023-05-04T14:05:32","date_gmt":"2023-05-04T17:05:32","guid":{"rendered":"http:\/\/uptattoosupplies.com.br\/loja\/produto\/cartucho-up-high-tech-caixa\/"},"modified":"2026-04-01T12:16:45","modified_gmt":"2026-04-01T15:16:45","slug":"cartucho-up-high-tech-caixa","status":"publish","type":"product","link":"https:\/\/uptattoosupplies.com.br\/loja\/produto\/cartucho-up-high-tech-caixa\/","title":{"rendered":"Cartucho UP High Tech Caixa 20 Unidades"},"content":{"rendered":"<h1 class=\"MsoNormal\" style=\"color: var(--porto-h1-color,var(--porto-heading-color)); --porto-h1-ff: 'Poppins'; --porto-h1-fw: 700; --porto-h1-fs: 36px; --porto-h1-lh: 44px; margin-top: 0px; margin-bottom: 32px; font-family: Poppins, sans-serif; letter-spacing: var(--porto-h1-ls,-0.05em); text-align: center;\">Cartucho UP High Tech \u00ae<\/h1>\n<h3 style=\"color: var(--porto-h3-color,var(--porto-heading-color)); --porto-h3-ff: 'Poppins'; --porto-h3-fw: 700; --porto-h3-fs: 25px; --porto-h3-lh: 32px; margin-top: 0px; margin-bottom: 20px; font-family: Poppins, sans-serif; letter-spacing: var(--porto-h3-ls,-0.05em); text-align: center;\">UP High Tech estabelece um novo padr\u00e3o de qualidade de cartuchos de agulhas de tatuagem na ind\u00fastria.<br \/>\nFornecendo aos artistas as pontas de agulha mais n\u00edtidas e dur\u00e1veis e oferecendo a m\u00e1xima inser\u00e7\u00e3o de tinta de tatuagem.<\/h3>\n<h3 style=\"color: var(--porto-h3-color,var(--porto-heading-color)); --porto-h3-ff: 'Poppins'; --porto-h3-fw: 700; --porto-h3-fs: 25px; --porto-h3-lh: 32px; margin-top: 0px; margin-bottom: 20px; font-family: Poppins, sans-serif; letter-spacing: var(--porto-h3-ls,-0.05em); text-align: center;\"><img fetchpriority=\"high\" decoding=\"async\" class=\"alignnone size-full wp-image-41296\" src=\"https:\/\/medinatattoosupplies.com.br\/wp-content\/uploads\/2023\/04\/Cartucho-High-Tech-config-agulha-RLT.jpg\" alt=\"\" width=\"720\" height=\"720\" \/><\/h3>\n<h3 style=\"color: var(--porto-h3-color,var(--porto-heading-color)); --porto-h3-ff: 'Poppins'; --porto-h3-fw: 700; --porto-h3-fs: 25px; --porto-h3-lh: 32px; margin-top: 0px; margin-bottom: 20px; font-family: Poppins, sans-serif; letter-spacing: var(--porto-h3-ls,-0.05em); text-align: center;\"><\/h3>\n<h3 class=\"MsoNormal\" style=\"color: var(--porto-h3-color,var(--porto-heading-color)); --porto-h3-ff: 'Poppins'; --porto-h3-fw: 700; --porto-h3-fs: 25px; --porto-h3-lh: 32px; margin-top: 0px; margin-bottom: 20px; font-family: Poppins, sans-serif; letter-spacing: var(--porto-h3-ls,-0.05em); text-align: center;\">UP High Tech \u00e9 o nosso cartucho de agulhas de tatuagem profissional, com melhor custo-benef\u00edcio do mercado.<br \/>\nTrabalho seguro e higi\u00eanico gra\u00e7as ao corpo de pl\u00e1stico inteiri\u00e7o e \u00e0 membrana de seguran\u00e7a patenteada.<br \/>\n<img decoding=\"async\" class=\"alignnone size-full wp-image-41299\" src=\"https:\/\/medinatattoosupplies.com.br\/wp-content\/uploads\/2023\/04\/Cartucho-High-Tech-configuracao-membrana.jpg\" alt=\"\" width=\"720\" height=\"720\" \/><\/h3>\n<h3 class=\"MsoNormal\" style=\"color: var(--porto-h3-color,var(--porto-heading-color)); --porto-h3-ff: 'Poppins'; --porto-h3-fw: 700; --porto-h3-fs: 25px; --porto-h3-lh: 32px; margin-top: 0px; margin-bottom: 20px; font-family: Poppins, sans-serif; letter-spacing: var(--porto-h3-ls,-0.05em); text-align: center;\">UP High Tech \u00e9 fabricado em a\u00e7o inoxid\u00e1vel 316 com adi\u00e7\u00e3o de estanho feito com prata,\u00a0e n\u00e3o chumbo,<br \/>\npara garantir que as barras das agulhas nunca enferrujem.<br \/>\nCada agulha \u00e9 finalizada com uma polia de tecido,\u00a0limpa com \u00e1gua em vez de produtos qu\u00edmicos,<br \/>\npara remover vest\u00edgios de poeira e polida\u00a0para a melhor apar\u00eancia e desempenho de qualidade na afia\u00e7\u00e3o.<br \/>\n<img decoding=\"async\" class=\"alignnone size-full wp-image-41298\" src=\"https:\/\/medinatattoosupplies.com.br\/wp-content\/uploads\/2023\/04\/Cartucho-High-Tech-configuracao-agulha.jpg\" alt=\"\" width=\"720\" height=\"720\" \/><\/h3>\n<h3 class=\"MsoNormal\" style=\"color: var(--porto-h3-color,var(--porto-heading-color)); --porto-h3-ff: 'Poppins'; --porto-h3-fw: 700; --porto-h3-fs: 25px; --porto-h3-lh: 32px; margin-top: 0px; margin-bottom: 20px; font-family: Poppins, sans-serif; letter-spacing: var(--porto-h3-ls,-0.05em); text-align: center;\">Em compara\u00e7\u00e3o com outros cartuchos, o design de cores que permite que o UP High Tech seja \u00fanico!<br \/>\nSua membrana de alta elasticidade tornam seu movimento mais suave,\u00a0o que \u00e9 um divisor de \u00e1guas neste mercado.<br \/>\n<img loading=\"lazy\" decoding=\"async\" class=\"alignnone size-full wp-image-41300\" src=\"https:\/\/medinatattoosupplies.com.br\/wp-content\/uploads\/2023\/04\/Cartucho-High-Tech-confi-membrana.jpg\" alt=\"\" width=\"720\" height=\"720\" \/><\/h3>\n<h3 style=\"color: var(--porto-h3-color,var(--porto-heading-color)); --porto-h3-ff: 'Poppins'; --porto-h3-fw: 700; --porto-h3-fs: 25px; --porto-h3-lh: 32px; margin-top: 0px; margin-bottom: 20px; font-family: Poppins, sans-serif; letter-spacing: var(--porto-h3-ls,-0.05em); text-align: center;\">Cada agulha \u00e9 esterilizada com g\u00e1s de \u00f3xido de etileno (EO), embalada individualmente e rotulada com o tipo de agulha,<br \/>\nn\u00famero do lote, data de validade e tubo\/ponta compat\u00edvel.<br \/>\n<img loading=\"lazy\" decoding=\"async\" class=\"alignnone size-full wp-image-41297\" src=\"https:\/\/medinatattoosupplies.com.br\/wp-content\/uploads\/2023\/04\/Cartucho-High-Tech-config-finger.jpg\" alt=\"\" width=\"720\" height=\"720\" \/><br \/>\nFeito para voce, pensando em cada detalhe!<\/h3>\n<h3 style=\"color: var(--porto-h3-color,var(--porto-heading-color)); --porto-h3-ff: 'Poppins'; --porto-h3-fw: 700; --porto-h3-fs: 25px; --porto-h3-lh: 32px; margin-top: 0px; margin-bottom: 20px; font-family: Poppins, sans-serif; letter-spacing: var(--porto-h3-ls,-0.05em); text-align: center;\">* 100% esterilizado a g\u00e1s EO individualmente<\/h3>\n<h3 class=\"MsoNormal\" style=\"color: var(--porto-h3-color,var(--porto-heading-color)); --porto-h3-ff: 'Poppins'; --porto-h3-fw: 700; --porto-h3-fs: 25px; --porto-h3-lh: 32px; margin-top: 0px; margin-bottom: 20px; font-family: Poppins, sans-serif; letter-spacing: var(--porto-h3-ls,-0.05em); text-align: center;\">* Membrana de alta elasticidade<\/h3>\n<h3 class=\"MsoNormal\" style=\"color: var(--porto-h3-color,var(--porto-heading-color)); --porto-h3-ff: 'Poppins'; --porto-h3-fw: 700; --porto-h3-fs: 25px; --porto-h3-lh: 32px; margin-top: 0px; margin-bottom: 20px; font-family: Poppins, sans-serif; letter-spacing: var(--porto-h3-ls,-0.05em); text-align: center;\">* A\u00e7o inoxid\u00e1vel Austen\u00edtico 316L<\/h3>\n<h3 class=\"MsoNormal\" style=\"color: var(--porto-h3-color,var(--porto-heading-color)); --porto-h3-ff: 'Poppins'; --porto-h3-fw: 700; --porto-h3-fs: 25px; --porto-h3-lh: 32px; margin-top: 0px; margin-bottom: 20px; font-family: Poppins, sans-serif; letter-spacing: var(--porto-h3-ls,-0.05em); text-align: center;\">* Componentes de grau m\u00e9dico<\/h3>\n<h3 class=\"MsoNormal\" style=\"color: var(--porto-h3-color,var(--porto-heading-color)); --porto-h3-ff: 'Poppins'; --porto-h3-fw: 700; --porto-h3-fs: 25px; --porto-h3-lh: 32px; margin-top: 0px; margin-bottom: 0px; font-family: Poppins, sans-serif; letter-spacing: var(--porto-h3-ls,-0.05em); text-align: center;\">* Compat\u00edvel com toda Pen padr\u00e3o Universal<\/h3>\n","protected":false},"excerpt":{"rendered":"<p><strong><span style=\"font-size: 12px;\">Cartucho UP High Tech \u00ae &#8211; Caixa com 20 unidades<\/span><\/strong><\/p>\n<p><strong><span style=\"font-size: 12px;\">ATACADO ACIMA DE 100 CAIXAS<\/span><\/strong><\/p>\n","protected":false},"featured_media":5098,"comment_status":"open","ping_status":"closed","template":"","meta":[],"product_brand":[],"product_cat":[100,195],"product_tag":[133,129,191],"class_list":{"0":"post-3879","1":"product","2":"type-product","3":"status-publish","4":"has-post-thumbnail","6":"product_cat-high-tech","7":"product_cat-atacado","8":"product_tag-agulha-up-high-tech","9":"product_tag-cartucho-up-high-tech","10":"product_tag-up-high-tech-agulha","11":"pa_tipo-0403rlt","12":"pa_tipo-0405rlt","13":"pa_tipo-0503rl","14":"pa_tipo-0603rlt","15":"pa_tipo-0605rlt","16":"pa_tipo-0607rlt","17":"pa_tipo-0803rlt","18":"pa_tipo-0805rlt","19":"pa_tipo-0807rlt","20":"pa_tipo-0809rlt","21":"pa_tipo-0809rm","22":"pa_tipo-0811rm","23":"pa_tipo-0815rm","24":"pa_tipo-0823rm","25":"pa_tipo-0827rm","26":"pa_tipo-1001rl","27":"pa_tipo-1003rlt","28":"pa_tipo-1005rlt","29":"pa_tipo-1005rs","30":"pa_tipo-1007mg","31":"pa_tipo-1007rlt","32":"pa_tipo-1007rm","33":"pa_tipo-1007rs","34":"pa_tipo-1009mg","35":"pa_tipo-1009rlt","36":"pa_tipo-1009rm","37":"pa_tipo-1009rs","38":"pa_tipo-1011mg","39":"pa_tipo-1011rlt","40":"pa_tipo-1011rm","41":"pa_tipo-1011rs","42":"pa_tipo-1013mg","43":"pa_tipo-1013rm","44":"pa_tipo-1014rl","45":"pa_tipo-1014rs","46":"pa_tipo-1015mg","47":"pa_tipo-1015rm","48":"pa_tipo-1017rm","49":"pa_tipo-1018rlt","50":"pa_tipo-1019mg","51":"pa_tipo-1019rm","52":"pa_tipo-1021mg","53":"pa_tipo-1021rm","54":"pa_tipo-1023rm","55":"pa_tipo-1025rm","56":"pa_tipo-1027mg","57":"pa_tipo-1027rm","58":"pa_tipo-1201rl","59":"pa_tipo-1203rlt","60":"pa_tipo-1205rlt","61":"pa_tipo-1205rm","62":"pa_tipo-1207rlt","63":"pa_tipo-1207rs","64":"pa_tipo-1209rlt","65":"pa_tipo-1209rm","66":"pa_tipo-1209rs","67":"pa_tipo-1211rlt","68":"pa_tipo-1211rm","69":"pa_tipo-1211rs","70":"pa_tipo-1214rlt","71":"pa_tipo-1214rs","72":"pa_tipo-1215rm","73":"pa_tipo-1219rm","74":"pa_tipo-1221rm","75":"pa_tipo-1225rm","77":"first","78":"instock","79":"featured","80":"shipping-taxable","81":"purchasable","82":"product-type-variable"},"_links":{"self":[{"href":"https:\/\/uptattoosupplies.com.br\/loja\/wp-json\/wp\/v2\/product\/3879","targetHints":{"allow":["GET"]}}],"collection":[{"href":"https:\/\/uptattoosupplies.com.br\/loja\/wp-json\/wp\/v2\/product"}],"about":[{"href":"https:\/\/uptattoosupplies.com.br\/loja\/wp-json\/wp\/v2\/types\/product"}],"replies":[{"embeddable":true,"href":"https:\/\/uptattoosupplies.com.br\/loja\/wp-json\/wp\/v2\/comments?post=3879"}],"wp:featuredmedia":[{"embeddable":true,"href":"https:\/\/uptattoosupplies.com.br\/loja\/wp-json\/wp\/v2\/media\/5098"}],"wp:attachment":[{"href":"https:\/\/uptattoosupplies.com.br\/loja\/wp-json\/wp\/v2\/media?parent=3879"}],"wp:term":[{"taxonomy":"product_brand","embeddable":true,"href":"https:\/\/uptattoosupplies.com.br\/loja\/wp-json\/wp\/v2\/product_brand?post=3879"},{"taxonomy":"product_cat","embeddable":true,"href":"https:\/\/uptattoosupplies.com.br\/loja\/wp-json\/wp\/v2\/product_cat?post=3879"},{"taxonomy":"product_tag","embeddable":true,"href":"https:\/\/uptattoosupplies.com.br\/loja\/wp-json\/wp\/v2\/product_tag?post=3879"}],"curies":[{"name":"wp","href":"https:\/\/api.w.org\/{rel}","templated":true}]}}